(v) = -2*v. Let b be w(2). Suppose 10*p + 54 = -16. List the prime factors of p/((-7)/b) + 50.
2, 23
Let a = -133910 - -191847. What are the prime factors of a?
11, 23, 229
Suppose 9088 = 15*t - 10*t + c, 3*t - 5457 = -2*c. What are the prime factors of t?
23, 79
Suppose b + 14*f - 5169 = 13*f, -5*b = 3*f - 25827. List the prime factors of b.
2, 3, 5, 43
Let v be 10*(-2 - 5/20*-14). List the prime factors of (10/v)/((-1)/(-43))*3.
2, 43
Let k = -87 - 80. Let h = k - -419. List the prime factors of h.
2, 3, 7
Let q(u) = u**3 + 5*u**2 - 13*u + 10. Let s be q(-7). Suppose 4*b = b + 6, 0 = -s*z - 4*b + 20. Suppose z*y - 366 = y. What are the prime factors of y?
2, 61
Suppose 4*k + 10*k + 364 = 0. What are the prime factors of k/(-65)*(-170)/(-4)?
17
Let c be 330/15 + 2 + (-7)/1. Suppose 15300 = -0*b + c*b. List the prime factors of b.
2, 3, 5
Let g = 7157 - 165. List the prime factors of g.
2, 19, 23
Let w(q) be the first derivative of -21*q**2 - 111*q + 250. What are the prime factors of w(-39)?
3, 509
Let w(u) = -u**2 + 2*u + 5. Let s be w(-2). What are the prime factors of ((-123)/s)/(2/32*2)?
2, 41
Let b(p) = -4*p**2 + 9*p - 5. Suppose -7*x + 35 = -2*x. Let c be b(x). List the prime factors of (((-12)/(-3))/(-4))/(3/c).
2, 23
Let y = 47983 + -18601. What are the prime factors of y?
2, 3, 59, 83
Let h = -9692 + 20193. List the prime factors of h.
10501
List the prime factors of 9*(-1 - (-36584)/24).
2, 3, 5, 457
Let g(v) = v**2 - 11*v - 145. Let x be g(-8). Suppose x*p + 352 = 8*p. List the prime factors of p.
2, 11
Let n = 24 - -65. Suppose n = 3*f + 83. Suppose f*t + 3*t - 410 = 0. What are the prime factors of t?
2, 41
Suppose p - 8 = n - 3*p, 3*p + 12 = 3*n. Suppose -3*q - 8139 = -5*v, 4*v - n*q = -4*q + 6516. List the prime factors of v.
2, 3, 271
Suppose 7563024 = 28*b - 39*b + 137*b. What are the prime factors of b?
2, 3, 41, 61
Let p be ((-32)/(-12))/((-22)/33). What are the prime factors of (23/p)/(29/(-6728))?
2, 23, 29
Suppose -66 + 50 = 8*k. List the prime factors of (91 - 16)/((-3)/k).
2, 5
Suppose -5*x - 4*g + 62 = 10, 3*g = -6. Suppose 0 = -x*r + 14*r - 822. List the prime factors of r.
3, 137
Let c(d) = 2*d**2 + 412*d + 279. What are the prime factors of c(65)?
35509
Suppose -1165 = -u - 229. What are the prime factors of u/(-3)*52/(-39)?
2, 13
Suppose 4632970 - 3301779 + 6715088 = 219*k. What are the prime factors of k?
3, 37, 331
Suppose -5*j + 7*r - 8*r - 1072 = 0, -4*r = 8. What are the prime factors of 260/(-390) + j*(-13)/6?
463
Let m = -7 - -9. Let p(y) = 2*y + y**2 + y - 2 - 2*y**m + 2*y. List the prime factors of p(4).
2
Suppose 12*p - 44 = -8. Suppose 3*t - p = 3. Suppose s - 10*o = -5*o + 133, -t*s = o - 310. What are the prime factors of s?
3, 17
What are the prime factors of (-1*15/60)/(3/(-321648)*2)?
2, 6701
Let u(z) = -z**2 - 6*z + 8. Let d be u(-6). Suppose -d = 3*w - 7*w. List the prime factors of ((-6)/((-12)/(-2)))/(w/(-6)).
3
Let a be (-2)/(-6) + (-2762)/6. Let l be 2*((-6)/(-8) - (-2)/(-8)). List the prime factors of ((-11)/(-5) - l)*a/(-4).
2, 3, 23
Let k(w) = 4*w + 21. Let v be k(-6). Let p(r) = r**3 + 2*r**2 - 3*r - 2. Let l be p(v). What are the prime factors of ((-43)/4)/(l/(-48)*-2)?
3, 43
Let b(t) = 2*t**2 - 2*t - 701. List the prime factors of b(-36).
13, 151
Let x be (16/(-10))/(-2 - (-396)/200). Let m = -84 + x. What are the prime factors of 4/(m - 88/(-20))?
2, 5
Suppose -r = 2*l + 35 + 136, 3*l + 3*r + 255 = 0. Let k = -94 - l. What are the prime factors of (-1 + 0)*-9*k/(-12)?
2, 3
Let y = 30063 - 19497. What are the prime factors of y?
2, 3, 587
Suppose -10165 = -66*n + 862091. List the prime factors of n.
2, 7, 59
Let i be 286/8 - (-2)/8. Let z = 9727 + -9723. What are the prime factors of (-3)/z + 5571/i?
2, 7, 11
Let h = 1919 - -2557. What are the prime factors of h?
2, 3, 373
Let n(v) = 6*v**3 - 12*v**2 - 6*v + 6. Let m = 47 - 41. List the prime factors of n(m).
2, 3, 139
Let m = -301 + 315. Let f(j) = j**3 - 6*j**2 - 42*j - 25. What are the prime factors of f(m)?
5, 191
List the prime factors of -3326*9/108*-6*12.
2, 3, 1663
Suppose -g + 9562 = -3*a, -87*g + 4*a = -82*g - 47832. What are the prime factors of g?
2, 13, 23
List the prime factors of 2/4 - 9124/12*696/(-16).
3, 5, 7
Suppose -4*y - 445 = -2*f + 7*f, -5*y + 211 = -2*f. Let g = f + 337. What are the prime factors of g?
2, 61
Let d be -1 - (5 - 4) - -49 - -2. Suppose z - d = 321. What are the prime factors of z?
2, 5, 37
Let q = -242 + 435. Suppose -5*d + 2*i + 215 = 0, 0 = 4*d + 4*i - 7 - q. Suppose 0 = 42*a - d*a + 153. What are the prime factors of a?
3, 17
Let g(x) = -2*x + 8. Let a be g(3). Suppose 0 = n + 5*i - 440, -a*n + 390 = -n - 5*i. List the prime factors of n.
5, 83
Suppose 0 = -8*j + 141342 - 34150. List the prime factors of j.
13399
List the prime factors of (555/2)/((-38122)/(-4760) - 8).
2, 5, 17, 37
Let y be (-81)/(-5)*-20*209/(-44). Let r = 211 + y. What are the prime factors of r?
2, 5, 7
Let w(i) = 21*i**3 - 26*i**2 + 263*i + 13. List the prime factors of w(12).
71, 503
Suppose 99321 - 47017 + 86176 = 20*s. What are the prime factors of s?
2, 3, 577
Let p be -56*((-6)/4)/(-3). What are the prime factors of -1 + p/(-112) + 5590/8?
2, 349
Suppose -57*p - a - 35564 = -59*p, 0 = 4*p - 5*a - 71110. What are the prime factors of p?
5, 3557
Let i be (0 + 1)/((-8)/288*-9). Let w(b) = -27*b + 2. Let g be w(-2). Suppose 0*p - p + 5*z = -2, g = i*p - 4*z. What are the prime factors of p?
17
Let w(b) = -5*b**3 + 11*b**2 - 3*b - 2. Let d be w(5). Let s = d + 1212. List the prime factors of s.
5, 13
Let u = 14811 + 30084. List the prime factors of u.
3, 5, 41, 73
Suppose -3198*l = -3181*l - 202793. What are the prime factors of l?
79, 151
Let n(w) = 1694*w**2 + 486*w - 2413. What are the prime factors of n(5)?
13, 3259
Let d(h) = h**2 - h + 1. Let m(r) = -6*r**2 - 6*r - 18. Let k(z) = 5*d(z) + m(z). Let v be k(-9). Let g(n) = 15*n + 20. List the prime factors of g(v).
5, 19
Suppose -31933 = -4*q + 5*v + 1162, 0 = -5*v + 5. What are the prime factors of q?
5, 331
List the prime factors of ((-608)/3)/((0 - 53)/18285).
2, 5, 19, 23
Suppose -10*f = -16718 - 1332. Suppose 6*y = -5*n + 2*y + f, 4*y = 20. What are the prime factors of n?
3, 7, 17
Suppose 984058 + 261389 - 124243 = 28*u. What are the prime factors of u?
23, 1741
Let x(k) = k**3 - 6*k**2 + 2*k - 7. Let s be x(6). Let p = 959 - 956. Suppose 0 = s*g - p*g - 46. What are the prime factors of g?
23
Suppose 3*s = 129*m - 133*m + 54318, 2*s = m + 36190. What are the prime factors of s?
2, 9049
Let f = 324 + -1106. Let n = 2165 + f. What are the prime factors of n?
3, 461
Suppose 0 = 9*o + 5 - 5. Suppose o = 900*h - 911*h + 20988. What are the prime factors of h?
2, 3, 53
Let g be (-636)/(-15) - (-2)/(-5). Let i be (g/(-8))/((-3)/8). List the prime factors of 2196/42 + (-4)/i.
2, 13
Let c(b) = -b**3 - 7*b**2 + b + 7. Let q be c(-7). Suppose 0 = -2*n - 2*d, q*d - 8 = n + 3*d. List the prime factors of 1/n - (-1 - 4362/24).
3, 61
Let x be (-6)/27 - 61540/90. Let y = -430 - x. List the prime factors of y.
2, 127
Suppose 4*f - 3*z - 17 = -4*z, 3*f - 7 = 5*z. Suppose f*g - 387 - 1477 = 0. List the prime factors of g.
2, 233
Let o(s) = 76*s**2 - 2*s. Let z be o(1). Let w = z + -71. Suppose -5*q - 2*v - 2*v = -85, -2 = q - w*v. What are the prime factors of q?
13
Let d(x) = -x**2 - 18*x + 4. Let l be d(0). Suppose -l*o + 862 = 110. What are the prime factors of o?
2, 47
Suppose -v + 4218 = -2*j, -5*v + 3*j + 8477 = -12564. List the prime factors of v.
2, 1051
Let x = 162 + -154. What are the prime factors of 12/(-15)*-341 + x/40?
3, 7, 13
Suppose 2*t - 22960 = -2*s, -34444 = -3*t - 12*s + 7*s. What are the prime factors of t?
2, 3, 1913
Suppose 36 - 82 = -2*b - k, 0 = 5*k. Let i(q) = q**3 - 22*q**2 - 9*q - 20. What are the prime factors of i(b)?
2, 151
Suppose 2*s + 17 = -5*x, -13 = -2*s + x - 0. Suppose 5*v = s*v + 2*v. Suppose -5*i = -0*q + 5*q - 950, -5*q + 4*i + 959 = v. List the prime factors of q.
191
What are the prime factors of 8 - (4 - 11052 - 11)?
3, 7, 17, 31
Suppose 6 + 18 = -4*z + 5*t, 24 = -4*z - 4*t. Let i(p) = -2*p - 2 + 0*p**2 - p**2 - 12*p + 0*p + 5*p. What are the prime factors of i(z)?
2
List the prime factors of (136 + 2)/((-162)/(-13230)).
2, 5, 7, 23